13 = 5*m - 68. Let x = m + -12. What is the tens digit of (104/((-16)/4))/x?
2
Let o(q) = -7*q + 5. Let z be o(2). Let r be ((-144)/10)/(z/30). What is the tens digit of 1/((-2)/r*-2)?
1
Let f = -36 + 39. Let a(b) = -b**3 + 3*b**2 + 4*b - 1. What is the units digit of a(f)?
1
Let v = -1 + 69. Suppose -20 = 6*h - 2*h, -h = t - v. What is the units digit of t?
3
Let l = -390 + 1118. What is the hundreds digit of l?
7
Let y be 0/4 + 6/3. Let s(l) = -6*l - 2. Let c be s(-6). What is the tens digit of (y - (3 + 1)) + c?
3
Suppose 6*y - 4*y - 110 = 0. What is the units digit of y?
5
Let h(o) = -o + 11. Let p be h(5). Let j = -178 - -254. Suppose -g = z - 20, -5*g - j = 3*z - p*z. What is the tens digit of z?
2
Let g(z) be the first derivative of z**4/4 - 10*z**3/3 - z**2/2 + 10*z + 6. Let v be g(10). Suppose 3*l - 110 - 52 = v. What is the units digit of l?
4
Let a = 4547 - 2303. What is the units digit of a?
4
Let k(d) be the second derivative of d**4/4 - d**3/6 - 5*d**2 + 11*d. What is the tens digit of k(-6)?
0
Suppose -4*g = 5*b, b = 3*g + 2*g. Suppose v - 45 - 88 = g. What is the hundreds digit of v?
1
Suppose 4*m - 5*f - 36 = -0*m, 0 = 2*f. What is the units digit of (-5)/10 - m/(-2)?
4
Suppose -5*g + 195 = w, g = 3*w - 3 + 26. Let b = g + -19. What is the units digit of b?
9
Let s = 23 - 18. Suppose -352 = -s*c - 67. Suppose -k + 3*l - 12 + c = 0, 5*k - 155 = l. What is the units digit of k?
0
Let j(z) = 13 + 19*z - 6*z - 7*z. Let v be j(-9). Let l = -8 - v. What is the tens digit of l?
3
Let a = 30 - 25. Let y be (-12)/10*10/(-1). Let h = y - a. What is the units digit of h?
7
Suppose 4*h = 4*p - 20, 5*h - 2*p - 2*p + 30 = 0. What is the units digit of 23 + h/(-35) + (-38)/(-14)?
6
Let y(h) = -1406*h - 2. Let i be y(-3). Let z be i/20 - 8/10. What is the tens digit of ((-24)/60)/((-2)/z)?
4
Suppose 0 = -5*q - 4*x + 4805, -4*x - 338 = -4*q + 3542. Suppose -4*m - q = -3*k, -m - 2*m - 966 = -3*k. What is the units digit of k?
3
What is the hundreds digit of 32/6*(12/(-3) - -262)?
3
Suppose 4*d - 17 + 1 = 0. Suppose -d*x = -x - 78. What is the tens digit of x?
2
Let i be 31/(3 + (-35)/10). Let v = i + 105. What is the units digit of v?
3
Suppose -255484 = -85*b + 64626. What is the hundreds digit of b?
7
What is the units digit of -1*(-45)/(-5) + 15?
6
Let x = 424 + -336. What is the units digit of x?
8
Let q = -11 + 14. Let z be (-126)/(-49)*14/q. Let d = 26 - z. What is the tens digit of d?
1
Let o(j) be the first derivative of 13*j**2/2 - 20*j - 12. What is the units digit of o(8)?
4
Let o be 3 - (-150 - (-12)/(-3)). Suppose -4*n - o = -805. What is the units digit of n?
2
Suppose -3*a + 119 + 4 = 0. Suppose 2*i - 111 = -a. What is the units digit of i?
5
Suppose -160*q + 159*q + 36 = 0. What is the units digit of q?
6
Let s(t) = -t + 13. Let w be s(17). Let f(r) = 7*r**2 - 6*r + 3. What is the hundreds digit of f(w)?
1
Suppose 0 = -3*k - 0*k + 6, -33 = -j + 2*k. Let m = -21 + j. Let p = -12 + m. What is the units digit of p?
4
Let h(z) = -z**3 - 10*z**2 - 18*z - 5. Let y be h(-8). Let x be 1*(2 + 1 + -3). Suppose x = -2*i + 59 - y. What is the tens digit of i?
2
Let i(k) be the first derivative of 2*k**2 + 4*k + 8. What is the units digit of i(8)?
6
Let p = 6648 + -2144. What is the hundreds digit of p?
5
Let l(b) = 0*b - 1 + 0 + 6*b. Let h = -6 - -8. What is the tens digit of l(h)?
1
What is the hundreds digit of 2470/9*6 - (-328)/246?
6
Let d = -485 - -430. Let f be (-124)/(-12) - (-2)/3. What is the units digit of (-10)/d - (-108)/f?
0
What is the hundreds digit of (-8810)/(-26) + 4/26?
3
Suppose -29*s - 26780 = -49*s. What is the tens digit of s?
3
Let t(d) = -d - 7. Let s be t(-10). Suppose 3*h = -p + 29, -3*h - s*p + 15 = -2*h. What is the tens digit of 33 - h - (2 + -2)?
2
Let c(b) = b**2 - 2*b - 8. Let f be c(-7). Let n = f + 29. What is the units digit of n?
4
Let b = 4 + -9. Let g = 16 + b. Suppose h = -0*h + g. What is the tens digit of h?
1
Let t = 83 + -23. Let f = -87 - -89. Suppose -f*j + t = 2*j. What is the tens digit of j?
1
Suppose -1449 = -2*d - 399. What is the units digit of d?
5
Let c be -1 - 32/(-6) - (-3)/(-9). Suppose 4*k = 2*q + 8, -k - q = c*k - 3. What is the units digit of k?
1
Let s = -5566 - -10640. What is the thousands digit of s?
5
What is the units digit of -2*((-239)/2 + 2)?
5
Let w = -384 + 788. Suppose 0 = 7*u - w + 26. What is the tens digit of u?
5
Let z(i) = i**3 - 9*i**2 + 11*i - 19. Let d be z(9). Suppose -c + d + 30 = 0. What is the tens digit of c?
1
Let w(q) = q**3 - 5*q**2 + 2*q + 6. Let r be w(5). Let x = -39 + 57. Let d = x - r. What is the units digit of d?
2
Let r(s) = 5*s + 616. What is the hundreds digit of r(0)?
6
Let o = 2 + 26. Let b be (-7)/o - (-78)/(-8). Let x = b + 20. What is the tens digit of x?
1
Let p(j) = -511*j - 16. What is the hundreds digit of p(-1)?
4
Suppose 0 = -10*t + 5*t - 45. What is the units digit of 699/(1/(-3)*t)?
3
Let h be 6*((-30)/(-9) + -3). Suppose -224 = -h*s + t, -4*s + 244 + 204 = -5*t. What is the hundreds digit of s?
1
Let c(q) = 8*q - 9 + 3 - 3. Suppose 11*b = 31 + 2. What is the tens digit of c(b)?
1
Let f(d) = -10*d - 26. Let t be f(-9). Let h = t + -49. What is the tens digit of h?
1
What is the tens digit of (-18)/(-15) - 47328/(-85)?
5
Let l(d) be the third derivative of d**5/60 + d**4/12 - d**3/6 - 9*d**2. What is the units digit of l(-4)?
7
Suppose 6307 - 319 = 4*j. What is the thousands digit of j?
1
Suppose 15*g - 17*g = -376. Let k = g - 86. What is the units digit of k?
2
Let z = 153 + -150. Suppose -5*k = -5*g + 755, 0*g + z*k = -g + 143. What is the hundreds digit of g?
1
Let p(r) = r**2 + 8*r + 1. Let x be p(-8). Let i be 2 + x - (1 + -158). Suppose 0 = 4*v - i + 60. What is the tens digit of v?
2
Suppose -j = 28 - 97. Let z be (52 + -3)/(-1 + 18/9). Let s = j - z. What is the units digit of s?
0
Let o(h) = -331*h + 60. What is the units digit of o(-6)?
6
Let y be (-1656)/(-20) + (-1)/(-5). Suppose 45 = -2*t - y. Let n = t + 138. What is the units digit of n?
4
Suppose 3*l = -2*v + 23, -2*l - 5*v = -4*l + 28. Let y = l + 18. Let g = y - 26. What is the units digit of g?
1
Let a = 19 - 3. Suppose a*w - 137 = 167. What is the tens digit of w?
1
What is the thousands digit of 4/(-26) - 58389/(-39)?
1
Let h(m) = -m**2 - 30*m + 0 - 12 + 4 - 5. What is the tens digit of h(-26)?
9
Let d be (4 + -1)/(-3) + 87. Let m = d - 47. What is the tens digit of m?
3
Suppose 37 - 202 = -15*m. Let k(g) be the second derivative of -g**4/12 + 7*g**3/3 - 5*g**2 - g. What is the units digit of k(m)?
3
Let t be 30/(-2 - 0)*-3. Suppose 5*v = 16 + 9. Suppose -w + v*w = 3*d + t, -5*d + 3 = 2*w. What is the units digit of w?
9
Let d(r) be the first derivative of 1/2*r**2 + 1 - 6*r. What is the units digit of d(9)?
3
Let i be ((-4)/(-10))/((-4)/(-140)). Suppose 4 + 2 = -2*g, -k = -g - i. What is the units digit of k?
1
Suppose -5*c + 22 = -3*s, 3*s - 10 = -3*c + 8*s. Suppose c*f = -2*y - y + 6, -2*f = 5*y - 10. Suppose -y = -u + 13. What is the units digit of u?
5
Suppose -v + 2 = -0. Suppose 8*p - 7*p + v = 0. What is the units digit of (51/(-2))/(p/4)?
1
Suppose -58 = 21*v - 23*v. Suppose -u - 4*r = -v, r - 19 + 68 = u. What is the units digit of u?
5
Suppose -y = 5*y + 222. Suppose -f + d = 3*f + 50, 0 = 3*f + d + 41. Let v = f - y. What is the units digit of v?
4
Let c be ((-129)/(-45) - -1) + (-6)/(-45). Suppose -c*n = -343 - 325. What is the tens digit of n?
6
Suppose 15*p + 240 = 19*p. What is the units digit of p?
0
Let j(v) = 27*v**2 + 2*v. Let l be j(2). Let b = 188 - l. What is the units digit of b?
6
Suppose -2*i = v + 681 - 3263, 12886 = 5*v - 2*i. What is the units digit of v?
8
Let i(n) = 34*n**3 + 2*n**2 + n - 7. Let f = -144 + 146. What is the tens digit of i(f)?
7
Let p(k) = 10*k**2 + 57*k + 17. What is the tens digit of p(-12)?
7
Let n(o) = -362*o + 58. What is the hundreds digit of n(-2)?
7
Let g(j) = 14*j - 1. Let b be g(-1). Let x = -14 - b. What is the units digit of (2*x)/((-2)/(-20))?
0
Let l = 19 + -19. Suppose -j + 412 = -4*b + 1336, b = l. What is the tens digit of 2/12 - j/72?
1
What is the tens digit of (-17460)/(-28) - (-45)/105?
2
Suppose -4*s = 2*x - 754, -2*s + s + 193 = 5*x. What is the units digit of s?
8
Let u(q) = 3*q - 6*q +